 i(o) = -2*o**2 - 5 + 6*o**2 - 5*o**2 + 8*o. What is i(g)?
10
Let v(d) = -d**2 + 9*d - 2. Let a be 10/(-25) - (-64)/20*7. Suppose -42 = -a*l + 16*l. Determine v(l).
12
Let k(y) = -1 - 3*y**2 + 6 - 40*y - 2*y**2 + 7*y**2 - 4*y**2. Determine k(-20).
5
Suppose 0 = 4*o + 3*t + 14 + 21, 0 = 5*t + 5. Let q be 8 + 2 + 0 + -1. Let m(j) = q*j - 3 + 7*j**2 - 15*j + j**3 - 2*j. Calculate m(o).
-3
Let y(u) = -4*u**3 + 7*u + 5*u**3 + 16*u**2 - 6*u**2 - 2061 + 2040. Determine y(-9).
-3
Let i be 3/(-12)*(4 + 0). Let u(t) be the third derivative of t**8/2240 + t**6/720 + t**5/60 + 3*t**2. Let h(a) be the third derivative of u(a). What is h(i)?
10
Let f = 30 - 11. Suppose 5*t = 1 + f. Let j(c) = c**2 - 4*c - 2. Determine j(t).
-2
Let c(a) = a. Suppose -3*y = -11 + 2. Suppose r - 2*v - 4 = 0, 3*r - y*v = -r - 4. Determine c(r).
-4
Let u be 10/(-30) + 0 + 20/6. Let s(o) be the second derivative of 1/2*o**u + 2*o + 0 - 1/6*o**4 - 1/2*o**2. What is s(3)?
-10
Suppose -4*o + 4*c + 4 = 0, -4 = -2*o + 3*c - 2. Let j(h) = -10*h - 8 - 1 + 9 + o. Calculate j(1).
-9
Let b(n) = 4*n - 5*n + 3*n - 5 - 3*n. Let i(x) = -x - 1. Let o be 2*1*(-10 + 9). Let s(d) = o*i(d) + b(d). Determine s(5).
2
Let g(y) = -y - 11. Let v(l) = 2*l**2 + 16*l + 3. Let i be v(-8). Suppose -30 = i*s + 3*s. What is g(s)?
-6
Suppose -2*g - 61 = -m, -5*m + 241 = 3*g + 1. Let z be (-34)/m + (-11)/(-3). Let a(u) = -u - 1 - u**3 + 2*u**z + 3 + 4*u**2. What is a(-4)?
6
Let k(o) = -o**3 + 6*o**2. Let u(f) be the third derivative of -5/6*f**3 + 9*f**2 + 0*f + 0 - 1/24*f**4. Let c be u(-11). Calculate k(c).
0
Let a(c) = 26*c**3 + 3*c**2 + 3*c + 1. Let r(h) = -6*h**3 - 2*h. Let o(z) = -a(z) - 4*r(z). What is o(-4)?
59
Let v(d) = -d**2 + 8*d + 7. Let f(a) = -8*a + 6. Let t be f(0). Calculate v(t).
19
Suppose 9 = 3*v - 6. Suppose -113 - 2 = -v*a. Suppose -h = -6*h - 4*k - 8, -2*h + 5*k = a. Let p(f) = -2*f - 6. Calculate p(h).
2
Let r(c) = -c**2 + 6*c - 7. Let b(q) = -14*q - 82. Let p be b(-6). What is r(p)?
1
Let z(h) = h**3 - 16*h**2 + h - 14. Let x be z(16). Let t(j) = 13 - x*j + 3*j**2 - j**3 - 5 - 5. Determine t(3).
-3
Let b = 50 - 48. Let h(q) = -q**3 - 4*q - 4*q**b + 3*q - 3*q. Calculate h(-3).
3
Let h(d) be the first derivative of -d**5/120 - 3*d**4/8 - d**3/3 + 5. Let v(q) be the third derivative of h(q). What is v(0)?
-9
Let k(i) be the third derivative of i**4/6 + i**3/2 + 52*i**2. Suppose 0*r - 4*r - 2*q = -2, 0 = -3*r + 2*q - 16. Determine k(r).
-5
Let g(y) = 2*y - 1. Suppose -4*f = -o - 10 - 1, -5*f - 2*o + 17 = 0. Suppose c + 2*h - 9 = 0, 5 = -3*c + f*h - h. Let p be c + -1 - (0 + 1). Calculate g(p).
-3
Let b = 93 - 82. Suppose -3*d + b*d + 56 = 0. Let g(c) = 5*c + 5. Give g(d).
-30
Let d(i) be the first derivative of -8 - i**2 + 2/3*i**3 - 2*i. Give d(2).
2
Let u = 72 + -12. Suppose -3*h - 5*c = -73 + 9, -c - u = -2*h. Let k be (-2)/((-7)/(h/8)). Let v(f) = 10*f + 1. Calculate v(k).
11
Let y(d) = d**3 + d**2 + 1. Suppose 0*q - q = 2. Let o be y(q). Let r(j) be the second derivative of j**5/20 + j**4/6 - j**3/6 + j**2 + 5*j. Give r(o).
-4
Let p(s) = -20*s + 1. Let v be 10/(-25) - (-85)/25. Let n be (4/4 - v)/(-2). Determine p(n).
-19
Let d(i) be the second derivative of -11*i + 5/6*i**3 - 1/2*i**2 + 0 + 1/12*i**4. Suppose 5*k = 2*k - 15. Calculate d(k).
-1
Let w(k) = 23*k**2 + 15*k - 35. Let d(n) = -8*n**2 - 5*n + 12. Let u(i) = 17*d(i) + 6*w(i). What is u(-5)?
19
Let h(k) = k**3 + 16*k**2 - 26*k - 36. Let t be h(-17). Let i = t - 114. Let r(a) = -a**2 + 2*a - 3. Give r(i).
-6
Let l be 1/4 - 98/8. Let s be (8/(-6))/(56/(-588)). Let p = l + s. Let n(j) = 4*j**2 - 3*j. Give n(p).
10
Let x(l) = l + 13. Let i be x(-6). Suppose -z - 9 = -g, 0 = 2*z + g + i + 2. Let k(d) = -3*d**2 + 2 + 7*d - 2*d**3 + d**3 - 2*d**2. What is k(z)?
-4
Let r(m) = 3*m. Suppose 6*t - 8*t = 10. Give r(t).
-15
Let t(b) be the third derivative of 5*b**4/8 - b**3/6 + 645*b**2. Determine t(-1).
-16
Let p(a) = -667*a + 1 - 2 + 665*a. Let t = 14 + -8. Let s = 2 - t. What is p(s)?
7
Let p(m) = 2*m**2 - 3. Let o(w) = 6*w. Let d be o(1). Suppose d = -5*r - 9. Give p(r).
15
Let y(t) = 3*t**2 - 8*t + 15. Let d(w) = -7*w**2 + 16*w - 31. Let a(v) = 2*d(v) + 5*y(v). Calculate a(4).
-3
Let z(l) = -l**3 - 5*l**2 - 4*l - 6. Suppose -n + 4*k - 129 = 0, -n + 2*k = -5*n - 570. Let s = -145 - n. Calculate z(s).
-6
Let t be 1 - (-8 + (-1 - -3)). Let z(d) = 5*d**2 + 3*d**2 - 2 - d + 3*d - t*d**2. Determine z(-3).
1
Let k(q) = 4*q**2 - 6*q + 5. Let p(f) = -5*f**2 + 6*f - 6. Let n(r) = -4*k(r) - 3*p(r). Let i be (-10)/3*(-30)/4. Suppose -4*u + 37 = i. Determine n(u).
7
Let v(t) = 2 - t - 4*t + 3*t. Let i = 10 + -8. Let p(o) = -4*o + 5. Let y(r) = i*p(r) - 5*v(r). What is y(-3)?
-6
Let p(m) = 8*m**3 + m**2 + m - 1. Suppose -4*n + 64 = a, 5*n - a - 32 = 3*n. Suppose n*d + 3 = 19*d. Give p(d).
9
Let f be 7/(-9) + 1 + 2072/(-333). Let z(h) = -2*h + 2. Determine z(f).
14
Let g(j) = 2*j - 2. Let i be g(2). Suppose 62 = -9*m + 89. Let a(r) = m*r + 2*r + i*r**2 + 0*r + 2. Determine a(-3).
5
Let v(q) = -8*q**3 + 2*q**2 - 1. Suppose 32*p - 44 = -12. Calculate v(p).
-7
Suppose 4*f + 44 = 2*d, -4*f + f + 33 = 4*d. Let u be 3/(-6) - (-25)/2. Let o = d - u. Let c(j) = -j**3 + j**2 - j - 2. Give c(o).
-2
Let p(c) = c**3 - 9*c**2 - 12*c + 8. Let l = -150 - -160. Give p(l).
-12
Let n(u) = -7*u + 30. Let o be n(5). Let v(j) = j**3 + 5*j**2 + 3*j - 6. What is v(o)?
-21
Let a be ((-16)/20)/(6/(-15)). Suppose 3*n = -a*n - 15. Let g(r) be the first derivative of -3*r**2/2 - r + 11. Determine g(n).
8
Let b(n) = -n**3 + 5*n**2 - 2*n - 9. Let d be -10 + 6 + 15 + -2. Let g(o) = -5*o**3 + 19*o**2 - 9*o - 37. Let r(u) = d*b(u) - 2*g(u). Calculate r(-7).
-7
Let g(q) = 0 - 2*q + 6 + q. Let k = -159 - -243. Let b be ((-10)/(-6))/(35/k). Determine g(b).
2
Let d(a) = -a**2 - 1. Let l(n) = 3*n**2 - 7*n + 12. Let r = 31 - 35. Let o(x) = r*d(x) - l(x). Calculate o(-7).
-8
Let m = 684 - 678. Let o(i) = -i**2 + 3*i + 17. What is o(m)?
-1
Suppose 166*k - 144 = 150*k. Let y(u) = u**2 - 7*u - 11. Determine y(k).
7
Let b(h) = -2*h - 4. Let f(l) = 17*l + 17. Let d be f(-1). What is b(d)?
-4
Let q be 108/30 + (-2)/(-5). Let o(c) be the second derivative of 9*c - 1/3*c**4 + 1/20*c**5 + 0 + 0*c**3 - c**2. Give o(q).
-2
Let t(c) = -c**3 - 14*c**2 + 13*c - 21. Suppose 124*x - 149*x - 375 = 0. Give t(x).
9
Let w(s) = -s**2 - 4*s - 3. Let i(b) = 1. Suppose 7*p - 3*l = 2*p + 10, 5*p - 20 = 5*l. Let q(d) = p*i(d) - w(d). Let g = -42 + 39. Give q(g).
-1
Let i(r) = r + 6. Let q(t) = -t**2 - 22*t - 43. Let g be q(-20). Let u be (4/24 + g/(-9))*0. Give i(u).
6
Suppose 2*x - 2*r = 50, -3*r - 100 = -3*x - 5*r. Suppose 18*f - 13*f = x. Let h(v) = v**2 - 7*v + 1. What is h(f)?
-5
Let r(a) = a**2 + 2*a + 1. Let o(t) = -5*t**2 - 2*t + 8*t**2 - 1 - 5*t**2. Let b(w) = -3*o(w) - 2*r(w). What is b(-1)?
3
Let t(y) be the first derivative of y**2 + y - 2. Give t(5).
11
Let k(b) = -b**2 - 2*b - 1. Let y = -6 + 10. Suppose u + y*u = -10. Calculate k(u).
-1
Let l(f) = -f - 15. Suppose 756 = -5*d + 701. Determine l(d).
-4
Let b(k) = k**2 - 7*k + 6. Suppose -4 = 3*n - 16. Suppose n*q - 19 = 5. What is b(q)?
0
Let f(v) = 7*v. Let u(j) = -19*j - 1. Let b(y) = -11*f(y) - 4*u(y). What is b(2)?
2
Suppose 11*l = -20*l + 124. Let p(y) be the third derivative of 0*y**l + 0 + 1/40*y**6 - 3*y**2 + 0*y**3 + 1/60*y**5 + 0*y. What is p(1)?
4
Let n(o) = o**2 - 7*o - 2. Suppose -43*y - 270 = -88*y. Give n(y).
-8
Let f(p) be the second derivative of p**4/12 + 4*p**3/3 + 15*p**2/2 - 16*p. Let y be f(-6). Let a(t) = -t**3 + 2*t**2 + 3*t + 1. Give a(y).
1
Let f be (-98)/4*(-32)/56. Let v(w) = -w**3 + 13*w**2 + 17*w - 31. Let a be v(f). Let l(j) = -j**2 + 10*j + 9. Determine l(a).
-2
Let u(q) = 311 + 281 - 562 - q. What is u(0)?
30
Let w = 27 - 36. Let a(v) = v**3 + 2 - 11 + 3*v**2 + 0*v**3 + 5*v**2 - 9*v. What is a(w)?
-9
Suppose 25 = 5*n - 3*u + 2*u, 2*u - 22 = -2*n. Let p be (-5)/((-165)/93) + 4/22. Let t(r) = -p*r + 2*r - 4 - 2 + 2. What is t(n)?
-10
Let v(h) be the third derivative of 0 + 1/24*h**4 + 0*h - 5*h**2 - 1/2*h**3. Suppose -3*j + 5 = -7. Determine v(j).
1
Let x = -98 + 103. Suppose -5*h + 68 = 3*u + 22, u = -h + 10. Let b(v) = 0*v + 6*v - h - x*v + v. Determine b(6).
4
Let n be (1 + -1)*(-2)/(-4). Let h(g) be the second de